6.
132042
Convert -110213023 (base 4) to base 6.
-1450511
Convert -5455 (base 8) to base 6.
-21125
Convert -341 (base 14) to base 10.
-645
-5774 (base 8) to base 14
-1192
What is -15b (base 12) in base 6?
-555
Convert 15c1 (base 14) to base 3.
12100012
Convert -211122211 (base 3) to base 4.
-10002013
-3100114 (base 5) to base 6
-1023350
Convert 6721 (base 12) to base 9.
16567
What is 7621 (base 11) in base 2?
10011101010010
What is 11011110110000 (base 2) in base 16?
37b0
Convert 10154 (base 6) to base 8.
2526
What is 12313 (base 4) in base 11?
36a
228 (base 9) to base 11
161
47d (base 14) to base 9
1204
Convert -1220102200 (base 3) to base 15.
-b199
What is -4123 (base 13) in base 4?
-2030122
-2001 (base 10) to base 15
-8d6
What is -12103 (base 7) in base 12?
-1997
Convert 502 (base 9) to base 11.
340
Convert 1211 (base 11) to base 14.
813
123 (base 5) to base 10
38
-899 (base 16) to base 3
-10000112
22015 (base 7) to base 13
2671
-302010 (base 6) to base 16
-5cd6
What is -f32 (base 16) in base 12?
-2302
Convert -4110 (base 6) to base 8.
-1612
2121 (base 6) to base 11
3a8
What is -386 (base 10) in base 6?
-1442
What is 807 (base 9) in base 16?
28f
Convert 101320312 (base 4) to base 11.
5005a
Convert -225 (base 6) to base 4.
-1121
6818 (base 14) to base 13
82aa
What is -134 (base 11) in base 7?
-314
What is -407 (base 11) in base 16?
-1eb
What is -13641 (base 8) in base 14?
-22c1
-10210021 (base 4) to base 9
-27574
-5266 (base 7) to base 3
-2112221
1420 (base 11) to base 4
130231
Convert 111120 (base 3) to base 7.
1032
Convert 176 (base 11) to base 16.
cc
Convert 45543 (base 7) to base 4.
2311023
-444 (base 8) to base 3
-101211
111111110010011 (base 2) to base 9
48717
584 (base 10) to base 13
35c
Convert 2071c (base 14) to base 3.
10222022102
320241 (base 5) to base 14
3c80
-65 (base 7) to base 16
-2f
What is 12213 (base 4) in base 16?
1a7
-10111000000 (base 2) to base 10
-1472
What is 1002210212 (base 3) in base 14?
7cc3
Convert 1011100 (base 3) to base 5.
11341
200112021 (base 3) to base 14
4ccb
-117707 (base 8) to base 16
-9fc7
-35634 (base 7) to base 8
-22025
2a7 (base 11) to base 5
2414
Convert 28a (base 15) to base 8.
1104
Convert -1081 (base 10) to base 13.
-652
Convert -1110200 (base 3) to base 4.
-100233
Convert -bc (base 15) to base 5.
-1202
22740 (base 11) to base 8
100103
Convert 21928 (base 11) to base 6.
402524
What is 3295 (base 13) in base 10?
7051
Convert 111220101 (base 3) to base 9.
14811
Convert 385 (base 11) to base 14.
248
What is 3674 (base 8) in base 11?
1540
Convert -58 (base 16) to base 13.
-6a
18768 (base 10) to base 3
221202010
-10000110110010 (base 2) to base 12
-4baa
Convert -3827 (base 16) to base 11.
-a889
Convert 22275 (base 9) to base 8.
34732
Convert 121022 (base 3) to base 6.
2012
-11731 (base 9) to base 5
-223020
What is -4a (base 15) in base 8?
-106
What is 2472 (base 12) in base 13?
1b4a
-3145 (base 8) to base 11
-1259
Convert 68 (base 13) to base 3.
10012
What is 3b4 (base 12) in base 4?
20320
What is 20419 (base 11) in base 9?
44765
Convert 11013 (base 4) to base 14.
195
What is -5001 (base 7) in base 15?
-796
10275 (base 14) to base 10
38911
What is -1010130 (base 5) in base 8?
-37642
1892 (base 14) to base 5
120230
Convert 4084 (base 9) to base 14.
113a
What is -91b6 (base 12) in base 3?
-210201110
39007 (base 11) to base 4
31221211
9ee8 (base 15) to base 12
1763b
Convert 33075 (base 9) to base 6.
245322
Convert -620 (base 7) to base 8.
-464
Convert -672 (base 10) to base 16.
-2a0
1111111011101 (base 2) to base 6
101433
What is -11815 (base 9) in base 6?
-100452
Convert 2402412 (base 5) to base 4.
22301023
Convert -244 (base 6) to base 8.
-144
Convert 178 (base 15) to base 16.
152
-15211 (base 8) to base 5
-204133
-22203 (base 9) to base 6
-152133
-73f (base 16) to base 12
-10a7
What is 6589 (base 15) in base 6?
243320
What is -1727 (base 9) in base 6?
-10041
What is -100011000001 (base 2) in base 11?
-1758
Convert 243 (base 13) to base 10.
393
Convert 932 (base 16) to base 6.
14522
-1b61 (base 15) to base 7
-23215
Convert -1a77 (base 16) to base 15.
-201a
Convert -10011210 (base 3) to base 14.
-bb6
77562 (base 8) to base 3
1122202101
What is 713 (base 11) in base 15?
3c6
Convert -869 (base 14) to base 12.
-b65
What is -14313 (base 7) in base 6?
-30110
Convert -9211 (base 10) to base 16.
-23fb
What is 23013010 (base 4) in base 12?
22404
What is -53430 (base 6) in base 3?
-101000000
Convert 100101210 (base 3) to base 11.
516a
15a7 (base 11) to base 15
91d
-202002 (base 4) to base 2
-100010000010
-562 (base 7) to base 9
-351
What is 1111011100111 (base 2) in base 5?
223121
What is -1000010101011011 (base 2) in base 8?
-102533
Convert 1021201 (base 3) to base 8.
1651
What is 100515 (base 6) in base 16?
1f1f
What is 1300 (base 8) in base 3?
222002
2032031 (base 4) to base 16
238d
Convert -53134 (base 7) to base 8.
-31464
What is -321 (base 11) in base 4?
-12002
-5514 (base 6) to base 14
-66a
What is -b4c6 (base 13) in base 12?
-12579
What is -4a5a (base 16) in base 6?
-224042
10997 (base 12) to base 10
22147
-40 (base 16) to base 2
-1000000
Convert -10004 (base 5) to base 7.
-1556
What is -200121100 (base 3) in base 8?
-32373
Convert 151c (base 16) to base 13.
25c9
Convert -685 (base 13) to base 5.
-13443
Convert 1a (base 14) to base 16.
18
Convert -2010002 (base 3) to base 16.
-605
-6329 (base 11) to base 4
-2002330
11 (base 12) to base 15
d
13310 (base 4) to base 2
111110100
What is -4567 (base 14) in base 6?
-131435
-2ad (base 14) to base 3
-202012
Convert 9196 (base 11) to base 2.
10111110101101
What is 15104 (base 6) in base 4?
211300
What is 4730 (base 11) in base 8?
14074
Convert -3310 (base 5) to base 3.
-121212
Convert -14909 (base 12) to base 15.
-88a3
Convert -5c6 (base 15) to base 14.
-699
Convert 1718 (base 9) to base 10.
1313
-1410 (base 5) to base 10
-230
-4164 (base 8) to base 10
-2164
What is -1390a (base 11) in base 3?
-1000001212
Convert 653 (base 14) to base 3.
1201021
What is -3221213 (base 4) in base 15?
-466b
Convert 860 (base 10) to base 16.
35c
Convert 211100110 (base 3) to base 9.
24313
845 (base 9) to base 13
410
Convert -980 (base 11) to base 8.
-2231
Convert 11130111 (base 4) to base 16.
5715
Convert 32101 (base 8) to base 13.
6120
What is 983c (base 16) in base 5?
2221342
11222222 (base 3) to base 13
1874
What is -10101010010000 (base 2) in base 13?
-4c62
-57a (base 11) to base 9
-848
What is -12143 (base 11) in base 2?
-100010000111111
What is -1000011001 (base 2) in base 12?
-389
What is 34442 (base 7) in base 9?
13058
Convert -2661 (base 7) to base 8.
-1777
Convert -100103 (base 4) to base 5.
-13133
What is 12201211 (base 3) in base 13?
1b97
Convert -2504 (base 6) to base 8.
-1150
Convert 20d6 (base 15) to base 12.
4033
-2102 (base 10) to base 4
-200312
Convert 153 (base 11) to base 2.
10110011
Convert 1086 (base 10) to base 15.
4c6
What is 1220111 (base 3) in base 12?
97a
Convert 27370 (base 8) to base 13.
561c
What is 4375 (base 8) in base 5?
33201
What is -25034 (base 6) in base 3?
-12001211
-1112022121 (base 3) to base 16
-75a9
Convert -1302 (base 11) to base 13.
-a06
Convert -4313 (base 7) to base 10.
-1529
-a (base 16) to base 6
-14
Convert 2042 (base 6) to base 14.
24a
12450 (base 8) to base 5
133131
What is 14234 (base 7) in base 5?
111041
624 (base 11) to base 15
352
Convert -7465 (base 9) to base 4.
-1111232
101100000010101 (base 2) to base 10
22549
4885 (base 9) to base 14
1481
1502 (base 10) to base 14
794
3021 (base 4) to base 11
173
11706 (base 11) to base 16
41b9
-237 (base 8) to base 10
-159
11340 (base 5) to base 8
1515
What is 1ef (base 16) in base 8?
757
What is -113353 (base 6) in base 7?
-40515
What is 761 (base 8) in base 10?
497
What is -438 (base 10) in base 2?
-110110110
Convert -121000 (base 3) to base 2.
-110110000
What is 18b (base 15) in base 4?
11210
Convert 260ca (base 13) to base 3.
10120200000
Convert -28658 (base 9) to base 12.
-b345
24202 (base 5) to base 11
1399
11001011111100 (base 2) to base 15
3d02
What is 18627 (base 9) in base 3?
122200221
-101100100000 (base 2) to base 7
-11206
200112 (base 3) to base 10
500
Convert 1116 (base 7) to base 2.
110010101
Convert 4002 (base 8) to base 6.
13254
What is 181 (base 13) in base 8?
422
C